NOAA style reports

NOAA Climate Reports

Select a Year or Month report
V/Λ2021 > Jan Feb Mar Apr May Jun Jul Aug Sep Oct Nov Dec
V/Λ2020 > Jan Feb Mar Apr May Jun Jul Aug Sep Oct Nov Dec
V/Λ2019 > Jan Feb Mar Apr May Jun Jul Aug Sep Oct Nov Dec
V/Λ2018 > Jan Feb Mar Apr May Jun Jul Aug Sep Oct Nov Dec
V/Λ2017 > Jan Feb Mar Apr May Jun Jul Aug Sep Oct Nov Dec
V/Λ2016 > Jan Feb Mar Apr May Jun Jul Aug Sep Oct Nov Dec
V/Λ2015 > Jan Feb Mar Apr May Jun Jul Aug Sep Oct Nov Dec
V/Λ2014 > Jan Feb Mar Apr May Jun Jul Aug Sep Oct Nov Dec
V/Λ2013 > Jan Feb Mar Apr May Jun Jul Aug Sep Oct Nov Dec
V/Λ2012 > Jan Feb Mar Apr May Jun Jul Aug Sep Oct Nov Dec

Report for 2021 Apr
                   Monthly Climatological Summary for abr 2021

Name: MeteoReocín   City: Helguera de Reocín   State: Cantabria
Elevation: 108 m  Lat: N 43° 20' 51"   Lon: W 004° 06' 09"

                  Temperature (°C), Rain (mm), Wind Speed (km/h)

                                      Heat  Cool        Avg
    Mean                              Deg   Deg         Wind                 Dom
Day Temp  High   Time   Low    Time   Days  Days  Rain  Speed High   Time    Dir
----------------------------------------------------------------------------------
 1  20,2  22,7   00:45  14,8   23:42   0,3   2,2   0,0   7,0  38,6   07:29   SSE
 2  14,6  19,1   12:11  11,6   06:51   3,7   0,0   0,0   5,2  25,7   13:53    NW
 3  11,3  12,7   00:00   7,8   23:03   7,0   0,0   0,0   4,9  20,9   00:17   NNW
 4   9,9  14,8   14:05   5,2   23:48   8,4   0,0   0,0   2,8  19,3   12:44   NNW
 5   9,7  16,6   14:07   2,8   06:32   8,6   0,0   0,0   2,7  24,1   14:57   NNW
 6   9,6  11,3   11:18   7,3   23:56   8,7   0,0   0,0   4,5  22,5   08:38   NNE
 7   8,4  13,2   12:51   3,6   23:50   9,9   0,0   0,0   5,0  38,6   14:24    NE
 8  11,2  20,4   13:51   1,3   05:04   7,3   0,2   0,0   2,2  22,5   21:19   WNW
 9  12,4  17,6   11:36   6,9   05:22   5,9   0,0   2,6   2,3  16,1   00:03   NNE
10  13,4  19,2   10:10   9,9   05:31   4,9   0,0  10,2   2,3  20,9   11:32    NW
11   9,2  11,3   00:00   5,5   23:58   9,1   0,0  17,6   6,7  33,8   12:27    NW
12   7,9  13,4   13:52   3,1   04:24  10,4   0,0   0,0   4,4  33,8   13:57    NE
13   9,8  16,0   13:10   4,3   04:20   8,2   0,0   0,0   3,9  24,1   12:08   ENE
14  10,1  14,9   10:34   5,3   23:56   8,2   0,0   0,0   4,2  27,4   11:54    NE
15   8,3  13,8   11:56   3,2   05:05  10,0   0,0   0,0   3,9  29,0   12:32   NNE
16   7,7  12,9   13:50   3,2   23:31  10,6   0,0   0,0   4,0  27,4   11:53   NNE
17   7,5  12,8   15:13   2,7   01:25  10,8   0,0   0,0   3,1  20,9   15:31   NNE
----------------------------------------------------------------------------------
    10,7  22,7     1     1,3     8   132,0   2,4  30,4   4,1  38,6     1       N

Max >=  26,0:  0
Max <=  25,0: 17
Min <=   5,0:  8
Min <=  -1,0:  0
Max Rain: 17,6 on day 11
Days of Rain: 3 (>= 0,3 mm)  2 (>= 10,0 mm)  0 (>= 40,0 mm)
Heat Base: 18,3  Cool Base: 18,3  Method: Integration