NOAA style reports

NOAA Climate Reports

Select a Year or Month report

Report for 2022 Aug
                   Monthly Climatological Summary for ago 2022

Name: MeteoReocín   City: Helguera de Reocín   State: Cantabria
Elevation: 108 m  Lat: N 43° 20' 51"   Lon: W 004° 06' 09"

                  Temperature (°C), Rain (mm), Wind Speed (km/h)

                                      Heat  Cool        Avg
    Mean                              Deg   Deg         Wind                 Dom
Day Temp  High   Time   Low    Time   Days  Days  Rain  Speed High   Time    Dir
----------------------------------------------------------------------------------
 1  21,6  26,8   14:13  16,8   03:15   0,2   3,6   0,0   3,6  25,7   11:30   NNE
 2  22,6  27,9   15:05  17,1   04:04   0,2   4,4   0,0   2,9  22,5   11:02   NNW
 3  22,1  26,0   12:06  20,1   22:20   0,0   3,8   1,4   2,9  20,9   12:28    NW
 4  20,7  22,7   11:51  19,0   23:48   0,0   2,4   3,0   2,5  17,7   14:07    NW
 5  19,6  22,2   09:12  17,9   05:01   0,0   1,4   1,0   2,2  17,7   11:16   NNW
 6  22,0  26,8   14:50  16,9   01:26   0,3   3,9   0,0   2,4  19,3   11:42     N
 7  22,1  28,3   11:45  16,9   05:20   0,1   4,0   0,0   2,6  29,0   13:34     N
 8  21,9  28,3   10:44  16,1   05:17   0,4   4,0   0,0   2,1  24,1   12:16   NNW
 9  24,1  31,6   12:47  18,0   03:13   0,0   5,8   0,0   3,2  22,5   13:11     N
10  25,4  32,9   11:17  18,4   05:45   0,0   7,1   0,0   1,9  17,7   10:48   NNW
11  25,1  31,6   09:38  20,3   05:50   0,0   6,8   0,0   3,9  24,1   13:44    NW
12  20,9  25,4   10:56  17,9   23:35   0,0   2,6   0,0   4,4  29,0   14:13   NNW
13  19,0  22,6   11:30  16,1   06:00   0,5   1,0   0,2   2,3  16,1   11:31     N
----------------------------------------------------------------------------------
    22,1  32,9    10    16,1     8     1,7  50,8   5,6   2,8  29,0     7     NNW

Max >=  26,0:  9
Max <=  25,0:  3
Min <=   5,0:  0
Min <=  -1,0:  0
Max Rain: 3,0 on day 4
Days of Rain: 3 (>= 0,3 mm)  0 (>= 10,0 mm)  0 (>= 40,0 mm)
Heat Base: 18,3  Cool Base: 18,3  Method: Integration